{"id":218,"date":"2019-08-08T09:38:26","date_gmt":"2019-08-08T09:38:26","guid":{"rendered":"http:\/\/siurotbk.dev.theroomsocial.com?page_id=218"},"modified":"2019-08-18T17:58:31","modified_gmt":"2019-08-18T15:58:31","slug":"logopedia-antonio-serrano-sanchez","status":"publish","type":"page","link":"http:\/\/siurotbk.dev.theroomsocial.com\/?page_id=218","title":{"rendered":"Logopedia | Antonio Serrano S\u00e1nchez"},"content":{"rendered":"<p>[vc_row full_width=\u00bbstretch_row\u00bb css=\u00bb.vc_custom_1566128103584{background-position: 0 0 !important;background-repeat: no-repeat !important;}\u00bb][vc_column width=\u00bb2\/3&#8243;][vc_single_image image=\u00bb219&#8243; img_size=\u00bbfull\u00bb alignment=\u00bbcenter\u00bb css_animation=\u00bbfadeInUp\u00bb css=\u00bb.vc_custom_1566143908849{border-top-width: 3px !important;border-right-width: 3px !important;border-bottom-width: 3px !important;border-left-width: 3px !important;border-left-color: #353550 !important;border-left-style: solid !important;border-right-color: #353550 !important;border-right-style: solid !important;border-top-color: #353550 !important;border-top-style: solid !important;border-bottom-color: #353550 !important;border-bottom-style: solid !important;}\u00bb][vc_column_text]<\/p>\n<p style=\"text-align: justify;\">El servicio de Logopedia se desarrolla en la sede del AMPA del colegio. Cualquier interesado puede demandar titulaci\u00f3n, curr\u00edculum cl\u00ednico, curr\u00edculum de investigaci\u00f3n o cualquier otro dato del profesional que dirige el servicio.<\/p>\n<h2 style=\"text-align: justify;\">\u00bfQu\u00e9 es la logopedia?<\/h2>\n<p style=\"text-align: justify;\">La Logopedia es la disciplina encargada del estudio, prevenci\u00f3n, evaluaci\u00f3n y diagn\u00f3stco de los trastornos de la comunicaci\u00f3n. Este t\u00e9rmino hace referencia al tratamiento de las perturbaciones de la voz, el habla, el lenguaje (oral y escriro) y la audici\u00f3n.<\/p>\n<h2 style=\"text-align: justify;\">Protocolo de trabajo<\/h2>\n<p style=\"text-align: justify;\">\u203aEntrevista a padres y evaluaci\u00f3n del paciente [servicio gratuito]. En esta primera parte del trabajo tendr\u00e1 lugar la entrevista a los padres y la evaluaci\u00f3n del ni\u00f1o\/a. Se har\u00e1 una valoraci\u00f3n del estado ling\u00fc\u00edstico del paciente en los distintos niveles y a partir de ah\u00ed se confeccionar\u00e1 un programa de intervenci\u00f3n individualizado y adaptado a sus necesidades.<\/p>\n<p style=\"text-align: justify;\">\u203aPrograma de intervenci\u00f3n. Una vez realizada la evaluaci\u00f3n se informar\u00e1 a los padres del paciente sobre el resultado del diagn\u00f3stico, de las sesiones a las que se recomienda que acuda, la cuant\u00eda de las mismas y los d\u00edas que tendr\u00e1n lugar las sesiones. En este momento se le informar\u00e1 al paciente y a los padres de qu\u00e9 pueden hacer en casa como apoyo a la terapia y el asesoramiento pertinente para ello.<\/p>\n<p style=\"text-align: justify;\">\u203aLa labor del logopeda se realiza, por lo general, en varias sesiones semanales y en comunicaci\u00f3n y trabajo permanente con los distintos\/as profesores que dan clase a ese ni\u00f1o\/a, los padres y el m\u00e9dico (el pediatra, el otorrino, el odont\u00f3logo, el neur\u00f3logo,&#8230;)<\/p>\n<p style=\"text-align: justify;\">\u203aEsta labor puede ser insuficiente si en casa, donde el\/la ni\u00f1o\/a se expresa espont\u00e1neamente, no se toma la actitud que cada situaci\u00f3n requiere para la total rehabilitaci\u00f3n de este tipo de dificultades.<\/p>\n<p style=\"text-align: justify;\">\u203aLa correcci\u00f3n de este tipo de trastornos tiene una importancia fundamental en el desarrollo del ni\u00f1o\/a porque incide en su desenvolvimiento social, en su rendimiento escolar, en todos los procesos de aprendizaje en general y, sobre todo, porque puede ser determinante de su propio futuro al\u00a0 verse afectadas sus actividades posteriores.<\/p>\n<p style=\"text-align: justify;\">\u203aTratamientos individualizados. Los pacientes recibir\u00e1n un tratamiento totalmente personalizado, ya que, salvo excepciones (sesiones grupales) no trabajamos con m\u00e1s de dos pacientes por sesi\u00f3n (y ser\u00e1n dos los pacientes si ambos se pueden beneficiar mutuamente). Esto es para adaptar lo m\u00e1s posible el tratamiento al ni\u00f1o y conseguir la m\u00e1s pronta y \u00f3ptima rehabilitaci\u00f3n.<\/p>\n<p style=\"text-align: justify;\">\u203aExisten algunas dificultades que requieren un mayor n\u00famero de compa\u00f1eros para su \u00f3ptima rehabilitaci\u00f3n, es por ello que pueden haber sesiones grupales. De lo que, por supuesto, se har\u00e1 saber previamente a los padres.<\/p>\n<p style=\"text-align: justify;\">\u203aDentro del aula de Logopedia\u00a0 intentamos crear un clima \u00f3ptimo para obtener la atenci\u00f3n y la motivaci\u00f3n del ni\u00f1o. De esta modo el tratamiento dar\u00e1 m\u00e1s rendimiento que de cualquier otra forma. En el aula se fomentan objetivos para poder trabajar las habilidades sociales (seguimiento de reglas, timidez, autonom\u00eda, motivaci\u00f3n,etc.).<\/p>\n<p style=\"text-align: justify;\">\u203aEvaluaci\u00f3n continua. En determinados momentos a lo largo del tratamiento se realizar\u00e1 una evaluaci\u00f3n para comprobar los resultados de la intervenci\u00f3n aplicada hasta la fecha.<\/p>\n<p style=\"text-align: justify;\">\u203aAlta del paciente. Se dar\u00e1 por finalizada la intervenci\u00f3n logop\u00e9dica cuando el paciente haya alcanzado todos los objetivos propuestos.<\/p>\n<h2 style=\"text-align: justify;\">Funciones del servicio de logopedia<\/h2>\n<p style=\"text-align: justify;\">\u203aPrevenci\u00f3n, evaluaci\u00f3n, diagn\u00f3stco y tratamiento de cualquier dificultad referente a la Logopedia.<\/p>\n<p style=\"text-align: justify;\">\u203aColaborar con el profesorado en la prevenci\u00f3n y detecci\u00f3n de preoblemas de audici\u00f3n, lenguaje o dificultades en el aprendizaje.<\/p>\n<p style=\"text-align: justify;\">\u203aColaborar en los procesos de asesoramiento, coordinaci\u00f3n, informaci\u00f3n y formaci\u00f3n a familias.<\/p>\n<h2 style=\"text-align: justify;\">Algunos de los tratamientos m\u00e1s habituales<\/h2>\n<p style=\"text-align: justify;\">\u203aTratamientos del Lenguaje oral:<\/p>\n<p style=\"text-align: justify;\">&#8211; Dificultades de pronunciaci\u00f3n (Dislalias, Retrasos del habla)<\/p>\n<p style=\"text-align: justify;\">&#8211; Dificultades del lenguaje (dificultades en la sintaxis, morfolog\u00eda o sem\u00e1ntica)<\/p>\n<p style=\"text-align: justify;\">\u203aTratamientos del Lenguaje escrito:<\/p>\n<p style=\"text-align: justify;\">&#8211; Trastornos de la lectura (dislexias, retrasos lectores, problemas de comprensi\u00f3n lectora, etc.)<\/p>\n<p style=\"text-align: justify;\">&#8211; Trastornos de la escritura (problemas de ortograf\u00eda, disgrafias, dificultades en la redacci\u00f3n,&#8230;)<\/p>\n<p style=\"text-align: justify;\">\u203aAtenci\u00f3n temprana para ni\u00f1os con dificultades en el desarrollo: Estimulaci\u00f3n ling\u00fc\u00edstica, psicomotriz, cognitiva, y dem\u00e1s apoyos necesarios en estos casos.<\/p>\n<p style=\"text-align: justify;\">\u203aLogopedia especializada para alumnos con dificultades de aprendizaje: Problemas de atenci\u00f3n y memoria, Retrasos madurativos, etc.<\/p>\n<h2 style=\"text-align: justify;\">Informaci\u00f3n de contacto<\/h2>\n<ul>\n<li style=\"text-align: justify;\"><strong>Logopeda:<\/strong> Antonio Serrano S\u00e1nchez [Colegiado: 29\/0728]<\/li>\n<li><span style=\"text-align: justify;\"><strong>Tel\u00e9fono:<\/strong> 666250787 \u00a0E-mail:<\/span><a style=\"text-align: justify;\" href=\"mailto:%20%3Cscript%20type='text\/javascript'%3E%20%3C!--%20var%20prefix%20=%20'ma'%20+%20'il'%20+%20'to';%20var%20path%20=%20'hr'%20+%20'ef'%20+%20'=';%20var%20addy54222%20=%20'hablaycomunica'%20+%20'@';%20addy54222%20=%20addy54222%20+%20'hotmil'%20+%20'.'%20+%20'com';%20document.write('%3Ca%20'%20+%20path%20+%20'\\''%20+%20prefix%20+%20':'%20+%20addy54222%20+%20'\\'%3E');%20document.write(addy54222);%20document.write('%3C\\\/a%3E');%20\/\/--%3E\\n%20%3C\/script%3E%3Cscript%20type='text\/javascript'%3E%20%3C!--%20document.write('%3Cspan%20style=\\'display:%20none;\\'%3E');%20\/\/--%3E%20%3C\/script%3EEsta%20direcci%C3%B3n%20de%20correo%20electr%C3%B3nico%20est%C3%A1%20siendo%20protegida%20contra%20los%20robots%20de%20spam.%20Necesita%20tener%20JavaScript%20habilitado%20para%20poder%20verlo.%20%3Cscript%20type='text\/javascript'%3E%20%3C!--%20document.write('%3C\/');%20document.write('span%3E');%20\/\/--%3E%20%3C\/script%3E\">\u00a0<\/a><span id=\"cloak30ef2efd7c2035fb80a7aa9fc46f9d98\" style=\"text-align: justify;\"><a href=\"mailto:hablaycomunica@hotmail.com\">hablaycomunica@hotmail.com<\/a><\/span><span style=\"text-align: justify;\"> y\u00a0<\/span><span id=\"cloak08a029abaad8f865e7d6643e3adf73c1\" style=\"text-align: justify;\"><a href=\"mailto:hablaycomunoica@gmail.com\">hablaycomunoica@gmail.com<\/a><\/span><\/li>\n<\/ul>\n<p>[\/vc_column_text][\/vc_column][vc_column width=\u00bb1\/3&#8243;][vc_widget_sidebar sidebar_id=\u00bbtd-default\u00bb][\/vc_column][\/vc_row]<\/p>\n","protected":false},"excerpt":{"rendered":"<p>[vc_row full_width=\u00bbstretch_row\u00bb css=\u00bb.vc_custom_1566128103584{background-position: 0 0 !important;background-repeat: no-repeat !important;}\u00bb][vc_column width=\u00bb2\/3&#8243;][vc_single_image image=\u00bb219&#8243; img_size=\u00bbfull\u00bb alignment=\u00bbcenter\u00bb css_animation=\u00bbfadeInUp\u00bb css=\u00bb.vc_custom_1566143908849{border-top-width: 3px !important;border-right-width: 3px !important;border-bottom-width: 3px !important;border-left-width: 3px !important;border-left-color: #353550 !important;border-left-style: solid !important;border-right-color: #353550 !important;border-right-style: solid !important;border-top-color: #353550 !important;border-top-style: solid !important;border-bottom-color: #353550 !important;border-bottom-style: solid !important;}\u00bb][vc_column_text] El servicio de Logopedia se desarrolla en la sede del AMPA del colegio. Cualquier interesado puede demandar [&hellip;]<\/p>\n","protected":false},"author":1,"featured_media":16,"parent":0,"menu_order":0,"comment_status":"closed","ping_status":"closed","template":"page-pagebuilder-title.php","meta":{"footnotes":""},"yoast_head":"<!-- This site is optimized with the Yoast SEO plugin v21.7 - https:\/\/yoast.com\/wordpress\/plugins\/seo\/ -->\n<title>Logopedia | Antonio Serrano S\u00e1nchez - Colegio Manuel Siurot de M\u00e1laga<\/title>\n<meta name=\"robots\" content=\"index, follow, max-snippet:-1, max-image-preview:large, max-video-preview:-1\" \/>\n<link rel=\"canonical\" href=\"http:\/\/siurotbk.dev.theroomsocial.com\/?page_id=218\" \/>\n<meta property=\"og:locale\" content=\"es_ES\" \/>\n<meta property=\"og:type\" content=\"article\" \/>\n<meta property=\"og:title\" content=\"Logopedia | Antonio Serrano S\u00e1nchez - Colegio Manuel Siurot de M\u00e1laga\" \/>\n<meta property=\"og:description\" content=\"[vc_row full_width=\u00bbstretch_row\u00bb css=\u00bb.vc_custom_1566128103584{background-position: 0 0 !important;background-repeat: no-repeat !important;}\u00bb][vc_column width=\u00bb2\/3&#8243;][vc_single_image image=\u00bb219&#8243; img_size=\u00bbfull\u00bb alignment=\u00bbcenter\u00bb css_animation=\u00bbfadeInUp\u00bb css=\u00bb.vc_custom_1566143908849{border-top-width: 3px !important;border-right-width: 3px !important;border-bottom-width: 3px !important;border-left-width: 3px !important;border-left-color: #353550 !important;border-left-style: solid !important;border-right-color: #353550 !important;border-right-style: solid !important;border-top-color: #353550 !important;border-top-style: solid !important;border-bottom-color: #353550 !important;border-bottom-style: solid !important;}\u00bb][vc_column_text] El servicio de Logopedia se desarrolla en la sede del AMPA del colegio. Cualquier interesado puede demandar [&hellip;]\" \/>\n<meta property=\"og:url\" content=\"http:\/\/siurotbk.dev.theroomsocial.com\/?page_id=218\" \/>\n<meta property=\"og:site_name\" content=\"Colegio Manuel Siurot de M\u00e1laga\" \/>\n<meta property=\"article:publisher\" content=\"https:\/\/www.facebook.com\/colegiomanuelsiurot\/\" \/>\n<meta property=\"article:modified_time\" content=\"2019-08-18T15:58:31+00:00\" \/>\n<meta property=\"og:image\" content=\"http:\/\/siurotbk.dev.theroomsocial.com\/wp-content\/uploads\/2019\/07\/favicon.png\" \/>\n\t<meta property=\"og:image:width\" content=\"512\" \/>\n\t<meta property=\"og:image:height\" content=\"512\" \/>\n\t<meta property=\"og:image:type\" content=\"image\/png\" \/>\n<meta name=\"twitter:card\" content=\"summary_large_image\" \/>\n<meta name=\"twitter:site\" content=\"@colegiomsiurot\" \/>\n<meta name=\"twitter:label1\" content=\"Tiempo de lectura\" \/>\n\t<meta name=\"twitter:data1\" content=\"4 minutos\" \/>\n<script type=\"application\/ld+json\" class=\"yoast-schema-graph\">{\"@context\":\"https:\/\/schema.org\",\"@graph\":[{\"@type\":\"WebPage\",\"@id\":\"http:\/\/siurotbk.dev.theroomsocial.com\/?page_id=218\",\"url\":\"http:\/\/siurotbk.dev.theroomsocial.com\/?page_id=218\",\"name\":\"Logopedia | Antonio Serrano S\u00e1nchez - Colegio Manuel Siurot de M\u00e1laga\",\"isPartOf\":{\"@id\":\"https:\/\/siurotbk.dev.theroomsocial.com\/#website\"},\"datePublished\":\"2019-08-08T09:38:26+00:00\",\"dateModified\":\"2019-08-18T15:58:31+00:00\",\"breadcrumb\":{\"@id\":\"http:\/\/siurotbk.dev.theroomsocial.com\/?page_id=218#breadcrumb\"},\"inLanguage\":\"es\",\"potentialAction\":[{\"@type\":\"ReadAction\",\"target\":[\"http:\/\/siurotbk.dev.theroomsocial.com\/?page_id=218\"]}]},{\"@type\":\"BreadcrumbList\",\"@id\":\"http:\/\/siurotbk.dev.theroomsocial.com\/?page_id=218#breadcrumb\",\"itemListElement\":[{\"@type\":\"ListItem\",\"position\":1,\"name\":\"Portada\",\"item\":\"https:\/\/siurotbk.dev.theroomsocial.com\/\"},{\"@type\":\"ListItem\",\"position\":2,\"name\":\"Logopedia | Antonio Serrano S\u00e1nchez\"}]},{\"@type\":\"WebSite\",\"@id\":\"https:\/\/siurotbk.dev.theroomsocial.com\/#website\",\"url\":\"https:\/\/siurotbk.dev.theroomsocial.com\/\",\"name\":\"Colegio Manuel Siurot de M\u00e1laga\",\"description\":\"Colegio concertado biling\u00fce\",\"potentialAction\":[{\"@type\":\"SearchAction\",\"target\":{\"@type\":\"EntryPoint\",\"urlTemplate\":\"https:\/\/siurotbk.dev.theroomsocial.com\/?s={search_term_string}\"},\"query-input\":\"required name=search_term_string\"}],\"inLanguage\":\"es\"}]}<\/script>\n<!-- \/ Yoast SEO plugin. -->","yoast_head_json":{"title":"Logopedia | Antonio Serrano S\u00e1nchez - Colegio Manuel Siurot de M\u00e1laga","robots":{"index":"index","follow":"follow","max-snippet":"max-snippet:-1","max-image-preview":"max-image-preview:large","max-video-preview":"max-video-preview:-1"},"canonical":"http:\/\/siurotbk.dev.theroomsocial.com\/?page_id=218","og_locale":"es_ES","og_type":"article","og_title":"Logopedia | Antonio Serrano S\u00e1nchez - Colegio Manuel Siurot de M\u00e1laga","og_description":"[vc_row full_width=\u00bbstretch_row\u00bb css=\u00bb.vc_custom_1566128103584{background-position: 0 0 !important;background-repeat: no-repeat !important;}\u00bb][vc_column width=\u00bb2\/3&#8243;][vc_single_image image=\u00bb219&#8243; img_size=\u00bbfull\u00bb alignment=\u00bbcenter\u00bb css_animation=\u00bbfadeInUp\u00bb css=\u00bb.vc_custom_1566143908849{border-top-width: 3px !important;border-right-width: 3px !important;border-bottom-width: 3px !important;border-left-width: 3px !important;border-left-color: #353550 !important;border-left-style: solid !important;border-right-color: #353550 !important;border-right-style: solid !important;border-top-color: #353550 !important;border-top-style: solid !important;border-bottom-color: #353550 !important;border-bottom-style: solid !important;}\u00bb][vc_column_text] El servicio de Logopedia se desarrolla en la sede del AMPA del colegio. Cualquier interesado puede demandar [&hellip;]","og_url":"http:\/\/siurotbk.dev.theroomsocial.com\/?page_id=218","og_site_name":"Colegio Manuel Siurot de M\u00e1laga","article_publisher":"https:\/\/www.facebook.com\/colegiomanuelsiurot\/","article_modified_time":"2019-08-18T15:58:31+00:00","og_image":[{"width":512,"height":512,"url":"http:\/\/siurotbk.dev.theroomsocial.com\/wp-content\/uploads\/2019\/07\/favicon.png","type":"image\/png"}],"twitter_card":"summary_large_image","twitter_site":"@colegiomsiurot","twitter_misc":{"Tiempo de lectura":"4 minutos"},"schema":{"@context":"https:\/\/schema.org","@graph":[{"@type":"WebPage","@id":"http:\/\/siurotbk.dev.theroomsocial.com\/?page_id=218","url":"http:\/\/siurotbk.dev.theroomsocial.com\/?page_id=218","name":"Logopedia | Antonio Serrano S\u00e1nchez - Colegio Manuel Siurot de M\u00e1laga","isPartOf":{"@id":"https:\/\/siurotbk.dev.theroomsocial.com\/#website"},"datePublished":"2019-08-08T09:38:26+00:00","dateModified":"2019-08-18T15:58:31+00:00","breadcrumb":{"@id":"http:\/\/siurotbk.dev.theroomsocial.com\/?page_id=218#breadcrumb"},"inLanguage":"es","potentialAction":[{"@type":"ReadAction","target":["http:\/\/siurotbk.dev.theroomsocial.com\/?page_id=218"]}]},{"@type":"BreadcrumbList","@id":"http:\/\/siurotbk.dev.theroomsocial.com\/?page_id=218#breadcrumb","itemListElement":[{"@type":"ListItem","position":1,"name":"Portada","item":"https:\/\/siurotbk.dev.theroomsocial.com\/"},{"@type":"ListItem","position":2,"name":"Logopedia | Antonio Serrano S\u00e1nchez"}]},{"@type":"WebSite","@id":"https:\/\/siurotbk.dev.theroomsocial.com\/#website","url":"https:\/\/siurotbk.dev.theroomsocial.com\/","name":"Colegio Manuel Siurot de M\u00e1laga","description":"Colegio concertado biling\u00fce","potentialAction":[{"@type":"SearchAction","target":{"@type":"EntryPoint","urlTemplate":"https:\/\/siurotbk.dev.theroomsocial.com\/?s={search_term_string}"},"query-input":"required name=search_term_string"}],"inLanguage":"es"}]}},"_links":{"self":[{"href":"http:\/\/siurotbk.dev.theroomsocial.com\/index.php?rest_route=\/wp\/v2\/pages\/218"}],"collection":[{"href":"http:\/\/siurotbk.dev.theroomsocial.com\/index.php?rest_route=\/wp\/v2\/pages"}],"about":[{"href":"http:\/\/siurotbk.dev.theroomsocial.com\/index.php?rest_route=\/wp\/v2\/types\/page"}],"author":[{"embeddable":true,"href":"http:\/\/siurotbk.dev.theroomsocial.com\/index.php?rest_route=\/wp\/v2\/users\/1"}],"replies":[{"embeddable":true,"href":"http:\/\/siurotbk.dev.theroomsocial.com\/index.php?rest_route=%2Fwp%2Fv2%2Fcomments&post=218"}],"version-history":[{"count":3,"href":"http:\/\/siurotbk.dev.theroomsocial.com\/index.php?rest_route=\/wp\/v2\/pages\/218\/revisions"}],"predecessor-version":[{"id":1078,"href":"http:\/\/siurotbk.dev.theroomsocial.com\/index.php?rest_route=\/wp\/v2\/pages\/218\/revisions\/1078"}],"wp:featuredmedia":[{"embeddable":true,"href":"http:\/\/siurotbk.dev.theroomsocial.com\/index.php?rest_route=\/wp\/v2\/media\/16"}],"wp:attachment":[{"href":"http:\/\/siurotbk.dev.theroomsocial.com\/index.php?rest_route=%2Fwp%2Fv2%2Fmedia&parent=218"}],"curies":[{"name":"wp","href":"https:\/\/api.w.org\/{rel}","templated":true}]}}