{"id":174,"date":"2019-08-07T11:57:07","date_gmt":"2019-08-07T11:57:07","guid":{"rendered":"http:\/\/siurotbk.dev.theroomsocial.com?page_id=174"},"modified":"2023-11-06T21:06:16","modified_gmt":"2023-11-06T20:06:16","slug":"comedor-catering","status":"publish","type":"page","link":"http:\/\/siurotbk.dev.theroomsocial.com\/?page_id=174","title":{"rendered":"Servicio de comedor escolar 2023-24"},"content":{"rendered":"<p>[vc_row full_width=\u00bbstretch_row\u00bb css=\u00bb.vc_custom_1566128103584{background-position: 0 0 !important;background-repeat: no-repeat !important;}\u00bb][vc_column width=\u00bb2\/3&#8243;][vc_single_image image=\u00bb175&#8243; img_size=\u00bbfull\u00bb alignment=\u00bbcenter\u00bb css_animation=\u00bbfadeInUp\u00bb css=\u00bb.vc_custom_1566143686818{border-top-width: 3px !important;border-right-width: 3px !important;border-bottom-width: 3px !important;border-left-width: 3px !important;border-left-color: #353550 !important;border-left-style: solid !important;border-right-color: #353550 !important;border-right-style: solid !important;border-top-color: #353550 !important;border-top-style: solid !important;border-bottom-color: #353550 !important;border-bottom-style: solid !important;}\u00bb][vc_column_text]<\/p>\n<div class=\"itemFullText\">\n<p style=\"text-align: justify;\">Desde el curso escolar 2011-12, el CDP Manuel Siurot dispone de este servicio, siendo gestionado directamente por el mismo, asesorado en todo momento por la <strong>empresa externa\u00a0&#8216;El C\u00e1ntaro&#8217;<\/strong>\u00a0que lleva un seguimiento exhaustivo de la calidad [ISO 22000:2005] de nuestros productos y de control sanitario.<\/p>\n<p style=\"text-align: justify;\">Nuestro objetivo prioritario es fomentar una alimentaci\u00f3n completa durante la edad escolar que permita al ni\u00f1o crecer con salud, pues la malnutrici\u00f3n por exceso o por defecto puede tener repercusiones graves a largo o corto plazo. Por tanto nuestro men\u00fa est\u00e1 basado en una dieta variada y equilibrada, lo que asegura que nuestro alumnado adquiera todos los nutrientes que necesita.<\/p>\n<p style=\"text-align: justify;\">El men\u00fa estar\u00e1 disponible en nuestra web y como novedad tambi\u00e9n se compartir\u00e1 con las familias a trav\u00e9s de su correo-e personal cada mes, para que conozcan la alimentaci\u00f3n diaria de sus hijos\/as y puedan complementar con las comidas del resto del d\u00eda.<\/p>\n<table style=\"border-collapse: collapse; width: 100%; height: 75px;\">\n<tbody>\n<tr style=\"height: 75px;\">\n<td style=\"width: 100%; height: 75px;\">Men\u00fa del comedor escolar para el mes de septiembre de 2023. <a href=\"https:\/\/drive.google.com\/file\/d\/18eAJpJzpl-uMYUTCbFRzdSyT7F_OWfEC\/view?usp=sharing\" target=\"_blank\" rel=\"noopener\">Ver aqu\u00ed<\/a><\/p>\n<p>Men\u00fa del comedor escolar para el mes de octubre de 2023. <a href=\"https:\/\/drive.google.com\/file\/d\/17y5NGBmKBYw9g4BegGFDM99yIvH53Dcl\/view?usp=sharing\" target=\"_blank\" rel=\"noopener\">Ver aqu\u00ed<\/a><\/p>\n<p>Men\u00fa del comedor escolar para el mes de noviembre de 2023. <a href=\"https:\/\/drive.google.com\/file\/d\/1SjwXAdmbKk1EkWK1iddLsAmWAk-9RhLA\/view?usp=sharing\" target=\"_blank\" rel=\"noopener\">Ver aqu\u00ed<\/a><\/td>\n<\/tr>\n<\/tbody>\n<\/table>\n<p><strong style=\"text-align: justify;\"><br \/>\nCATERING &#8216;EL C\u00c1NTARO&#8217;<\/strong><\/p>\n<p style=\"text-align: justify;\">El C\u00e1ntaro da servicio a casi una veintena de centros escolares, donde se imparten educaci\u00f3n infantil, primaria y guarder\u00edas.<\/p>\n<p style=\"text-align: justify;\">La empresa ofrece una metodolog\u00eda original y pionera en M\u00e1laga mediante la cual, se cocina y se transporta\u00a0diariamente, utilizando el abatimiento de temperatura de la comida como m\u00e1xima de seguridad e higiene. Este m\u00e9todo consiste en enfriar la comida de una manera r\u00e1pida, pasando de una temperatura de 70 a 2 \u00baC y el posterior transporte en fr\u00edo en camiones refrigerados. Una vez\u00a0en el centro educativo la comida se conserva en neveras y se calienta en hornos, lo que permite darle al alumno\/a un men\u00fa con garant\u00eda de seguridad con una textura y sabor de calidad.<\/p>\n<p style=\"text-align: justify;\">El servicio de comedor ofrece dos opciones [<span style=\"color: #003366;\"><em><strong>datos actualizados para el curso escolar 2023-24<\/strong><\/em><\/span>]:<\/p>\n<p style=\"text-align: justify;\">1.-Comedor mensual [6,95 \u20ac x d\u00eda], esto es, contrataci\u00f3n de este servicio durante todo el mes [septiembre-junio]. Se abonar\u00e1 durante los primeros 5 d\u00edas de cada mes.<\/p>\n<p style=\"text-align: justify;\">2.-Tickets sueltos de comedor [8 \u20ac]. Se abonar\u00e1n por adelantado dentro del horario de oficina.<\/p>\n<p style=\"text-align: justify;\">No existir\u00e1 variaci\u00f3n alguna en el men\u00fa diario salvo que hubiera necesidad de dietas espec\u00edficas por motivos m\u00e9dicos o religiosos, en cuyo caso deber\u00e1 ser notificado por escrito en la Secretar\u00eda del Centro por parte de las familias.<\/p>\n<p style=\"text-align: justify;\">Contamos con personal cualificado en nuestra cocina que realiza d\u00eda a d\u00eda la comida de nuestro alumnado, adem\u00e1s de monitores\/as que se encargan de:<\/p>\n<p style=\"text-align: justify;\">&#8211; Atender y supervisar la alimentaci\u00f3n de los ni\u00f1os y ni\u00f1as.<\/p>\n<p style=\"text-align: justify;\">&#8211; Crear h\u00e1bitos de higiene y de saber estar en la mesa.<\/p>\n<p style=\"text-align: justify;\">&#8211; Crear un clima agradable, potenciando el respeto, la comunicaci\u00f3n y la buena convivencia.<\/p>\n<p style=\"text-align: justify;\">&#8211; Conocer las dietas espec\u00edficas de nuestro alumnado, como intolerancias y alergias a determinados alimentos.<\/p>\n<p style=\"text-align: justify;\">&#8211; Estimular el consumo de los alimentos que se ponen en la mesa.<\/p>\n<p style=\"text-align: justify;\">&#8211; Fomentar la estima por el propio cuerpo y el cuidado de la salud a trav\u00e9s de la alimentaci\u00f3n.<\/p>\n<p style=\"text-align: justify;\">&#8211; Capacitar al escolar para que adopte h\u00e1bitos de vida saludables.<\/p>\n<p style=\"text-align: justify;\">&#8211; Sensibilizar sobre la importancia de un consumo respetuoso con el medio ambiente, el uso responsable del agua, papel, etc.<\/p>\n<p style=\"text-align: justify;\">Es fundamental que estos h\u00e1bitos tambi\u00e9n se trabajen en casa, para ello es necesaria la colaboraci\u00f3n por parte de las familias. Los padres y madres deben hacer especial hincapi\u00e9 en:<\/p>\n<p style=\"text-align: justify;\">1. Postura e higiene en la mesa: lavar las manos antes de comer, permanecer bien sentados durante la comida, utilizar la servilleta cuando se manchen, no coger la comida con las manos, mantener las manos encima de la mesa, etc.<\/p>\n<p style=\"text-align: justify;\">2. Utilizaci\u00f3n correcta de cubiertos: ense\u00f1arles a hacer un uso correcto de los cubiertos (cogerlos correctamente, cortar la comida con tenedor y cuchillo, que coman cada comida con el cubierto adecuado).<\/p>\n<p style=\"text-align: justify;\">3. Incitar a probar alimentos nuevos.<\/p>\n<p style=\"text-align: justify;\">4. Crear un ambiente agradable y tranquilo durante las comidas.<\/p>\n<p style=\"text-align: justify;\">Una vez m\u00e1s agradecemos la confianza depositada en nosotros. Para cualquier consulta o informaci\u00f3n rogamos se pongan en contacto con nuestro centro.<\/p>\n<table style=\"border-collapse: collapse; width: 100%;\">\n<tbody>\n<tr>\n<td style=\"width: 100%;\">Las familias que hagan uso de este servicio podr\u00e1n efectuar el pago mediante domiciliaci\u00f3n bancaria, pago en efectivo y tarjeta de cr\u00e9dito.<\/p>\n<p>El servicio de comedor en la modalidad de \u00abticket sueltos\u00bb deber\u00e1 ser solicitado con una antelaci\u00f3n m\u00ednima de 24 horas, dentro del horario de atenci\u00f3n establecido por el personal de administraci\u00f3n y servicios [lunes a viernes, entre las 09.30 y las 12.00 horas].<\/td>\n<\/tr>\n<\/tbody>\n<\/table>\n<\/div>\n<p>[\/vc_column_text][\/vc_column][vc_column width=\u00bb1\/3&#8243;][vc_widget_sidebar sidebar_id=\u00bbtd-default\u00bb][\/vc_column][\/vc_row]<\/p>\n","protected":false},"excerpt":{"rendered":"<p>[vc_row full_width=\u00bbstretch_row\u00bb css=\u00bb.vc_custom_1566128103584{background-position: 0 0 !important;background-repeat: no-repeat !important;}\u00bb][vc_column width=\u00bb2\/3&#8243;][vc_single_image image=\u00bb175&#8243; img_size=\u00bbfull\u00bb alignment=\u00bbcenter\u00bb css_animation=\u00bbfadeInUp\u00bb css=\u00bb.vc_custom_1566143686818{border-top-width: 3px !important;border-right-width: 3px !important;border-bottom-width: 3px !important;border-left-width: 3px !important;border-left-color: #353550 !important;border-left-style: solid !important;border-right-color: #353550 !important;border-right-style: solid !important;border-top-color: #353550 !important;border-top-style: solid !important;border-bottom-color: #353550 !important;border-bottom-style: solid !important;}\u00bb][vc_column_text] Desde el curso escolar 2011-12, el CDP Manuel Siurot dispone de este servicio, siendo gestionado directamente por [&hellip;]<\/p>\n","protected":false},"author":1,"featured_media":16,"parent":0,"menu_order":0,"comment_status":"closed","ping_status":"closed","template":"page-pagebuilder-title.php","meta":{"footnotes":""},"yoast_head":"<!-- This site is optimized with the Yoast SEO plugin v21.7 - https:\/\/yoast.com\/wordpress\/plugins\/seo\/ -->\n<title>Servicio de comedor escolar 2023-24 - Colegio Manuel Siurot de M\u00e1laga<\/title>\n<meta name=\"robots\" content=\"index, follow, max-snippet:-1, max-image-preview:large, max-video-preview:-1\" \/>\n<link rel=\"canonical\" href=\"http:\/\/siurotbk.dev.theroomsocial.com\/?page_id=174\" \/>\n<meta property=\"og:locale\" content=\"es_ES\" \/>\n<meta property=\"og:type\" content=\"article\" \/>\n<meta property=\"og:title\" content=\"Servicio de comedor escolar 2023-24 - Colegio Manuel Siurot de M\u00e1laga\" \/>\n<meta property=\"og:description\" content=\"[vc_row full_width=\u00bbstretch_row\u00bb css=\u00bb.vc_custom_1566128103584{background-position: 0 0 !important;background-repeat: no-repeat !important;}\u00bb][vc_column width=\u00bb2\/3&#8243;][vc_single_image image=\u00bb175&#8243; img_size=\u00bbfull\u00bb alignment=\u00bbcenter\u00bb css_animation=\u00bbfadeInUp\u00bb css=\u00bb.vc_custom_1566143686818{border-top-width: 3px !important;border-right-width: 3px !important;border-bottom-width: 3px !important;border-left-width: 3px !important;border-left-color: #353550 !important;border-left-style: solid !important;border-right-color: #353550 !important;border-right-style: solid !important;border-top-color: #353550 !important;border-top-style: solid !important;border-bottom-color: #353550 !important;border-bottom-style: solid !important;}\u00bb][vc_column_text] Desde el curso escolar 2011-12, el CDP Manuel Siurot dispone de este servicio, siendo gestionado directamente por [&hellip;]\" \/>\n<meta property=\"og:url\" content=\"http:\/\/siurotbk.dev.theroomsocial.com\/?page_id=174\" \/>\n<meta property=\"og:site_name\" content=\"Colegio Manuel Siurot de M\u00e1laga\" \/>\n<meta property=\"article:publisher\" content=\"https:\/\/www.facebook.com\/colegiomanuelsiurot\/\" \/>\n<meta property=\"article:modified_time\" content=\"2023-11-06T20:06:16+00:00\" \/>\n<meta property=\"og:image\" content=\"http:\/\/siurotbk.dev.theroomsocial.com\/wp-content\/uploads\/2019\/07\/favicon.png\" \/>\n\t<meta property=\"og:image:width\" content=\"512\" \/>\n\t<meta property=\"og:image:height\" content=\"512\" \/>\n\t<meta property=\"og:image:type\" content=\"image\/png\" \/>\n<meta name=\"twitter:card\" content=\"summary_large_image\" \/>\n<meta name=\"twitter:site\" content=\"@colegiomsiurot\" \/>\n<meta name=\"twitter:label1\" content=\"Tiempo de lectura\" \/>\n\t<meta name=\"twitter:data1\" content=\"4 minutos\" \/>\n<script type=\"application\/ld+json\" class=\"yoast-schema-graph\">{\"@context\":\"https:\/\/schema.org\",\"@graph\":[{\"@type\":\"WebPage\",\"@id\":\"http:\/\/siurotbk.dev.theroomsocial.com\/?page_id=174\",\"url\":\"http:\/\/siurotbk.dev.theroomsocial.com\/?page_id=174\",\"name\":\"Servicio de comedor escolar 2023-24 - Colegio Manuel Siurot de M\u00e1laga\",\"isPartOf\":{\"@id\":\"https:\/\/siurotbk.dev.theroomsocial.com\/#website\"},\"datePublished\":\"2019-08-07T11:57:07+00:00\",\"dateModified\":\"2023-11-06T20:06:16+00:00\",\"breadcrumb\":{\"@id\":\"http:\/\/siurotbk.dev.theroomsocial.com\/?page_id=174#breadcrumb\"},\"inLanguage\":\"es\",\"potentialAction\":[{\"@type\":\"ReadAction\",\"target\":[\"http:\/\/siurotbk.dev.theroomsocial.com\/?page_id=174\"]}]},{\"@type\":\"BreadcrumbList\",\"@id\":\"http:\/\/siurotbk.dev.theroomsocial.com\/?page_id=174#breadcrumb\",\"itemListElement\":[{\"@type\":\"ListItem\",\"position\":1,\"name\":\"Portada\",\"item\":\"https:\/\/siurotbk.dev.theroomsocial.com\/\"},{\"@type\":\"ListItem\",\"position\":2,\"name\":\"Servicio de comedor escolar 2023-24\"}]},{\"@type\":\"WebSite\",\"@id\":\"https:\/\/siurotbk.dev.theroomsocial.com\/#website\",\"url\":\"https:\/\/siurotbk.dev.theroomsocial.com\/\",\"name\":\"Colegio Manuel Siurot de M\u00e1laga\",\"description\":\"Colegio concertado biling\u00fce\",\"potentialAction\":[{\"@type\":\"SearchAction\",\"target\":{\"@type\":\"EntryPoint\",\"urlTemplate\":\"https:\/\/siurotbk.dev.theroomsocial.com\/?s={search_term_string}\"},\"query-input\":\"required name=search_term_string\"}],\"inLanguage\":\"es\"}]}<\/script>\n<!-- \/ Yoast SEO plugin. -->","yoast_head_json":{"title":"Servicio de comedor escolar 2023-24 - Colegio Manuel Siurot de M\u00e1laga","robots":{"index":"index","follow":"follow","max-snippet":"max-snippet:-1","max-image-preview":"max-image-preview:large","max-video-preview":"max-video-preview:-1"},"canonical":"http:\/\/siurotbk.dev.theroomsocial.com\/?page_id=174","og_locale":"es_ES","og_type":"article","og_title":"Servicio de comedor escolar 2023-24 - Colegio Manuel Siurot de M\u00e1laga","og_description":"[vc_row full_width=\u00bbstretch_row\u00bb css=\u00bb.vc_custom_1566128103584{background-position: 0 0 !important;background-repeat: no-repeat !important;}\u00bb][vc_column width=\u00bb2\/3&#8243;][vc_single_image image=\u00bb175&#8243; img_size=\u00bbfull\u00bb alignment=\u00bbcenter\u00bb css_animation=\u00bbfadeInUp\u00bb css=\u00bb.vc_custom_1566143686818{border-top-width: 3px !important;border-right-width: 3px !important;border-bottom-width: 3px !important;border-left-width: 3px !important;border-left-color: #353550 !important;border-left-style: solid !important;border-right-color: #353550 !important;border-right-style: solid !important;border-top-color: #353550 !important;border-top-style: solid !important;border-bottom-color: #353550 !important;border-bottom-style: solid !important;}\u00bb][vc_column_text] Desde el curso escolar 2011-12, el CDP Manuel Siurot dispone de este servicio, siendo gestionado directamente por [&hellip;]","og_url":"http:\/\/siurotbk.dev.theroomsocial.com\/?page_id=174","og_site_name":"Colegio Manuel Siurot de M\u00e1laga","article_publisher":"https:\/\/www.facebook.com\/colegiomanuelsiurot\/","article_modified_time":"2023-11-06T20:06:16+00:00","og_image":[{"width":512,"height":512,"url":"http:\/\/siurotbk.dev.theroomsocial.com\/wp-content\/uploads\/2019\/07\/favicon.png","type":"image\/png"}],"twitter_card":"summary_large_image","twitter_site":"@colegiomsiurot","twitter_misc":{"Tiempo de lectura":"4 minutos"},"schema":{"@context":"https:\/\/schema.org","@graph":[{"@type":"WebPage","@id":"http:\/\/siurotbk.dev.theroomsocial.com\/?page_id=174","url":"http:\/\/siurotbk.dev.theroomsocial.com\/?page_id=174","name":"Servicio de comedor escolar 2023-24 - Colegio Manuel Siurot de M\u00e1laga","isPartOf":{"@id":"https:\/\/siurotbk.dev.theroomsocial.com\/#website"},"datePublished":"2019-08-07T11:57:07+00:00","dateModified":"2023-11-06T20:06:16+00:00","breadcrumb":{"@id":"http:\/\/siurotbk.dev.theroomsocial.com\/?page_id=174#breadcrumb"},"inLanguage":"es","potentialAction":[{"@type":"ReadAction","target":["http:\/\/siurotbk.dev.theroomsocial.com\/?page_id=174"]}]},{"@type":"BreadcrumbList","@id":"http:\/\/siurotbk.dev.theroomsocial.com\/?page_id=174#breadcrumb","itemListElement":[{"@type":"ListItem","position":1,"name":"Portada","item":"https:\/\/siurotbk.dev.theroomsocial.com\/"},{"@type":"ListItem","position":2,"name":"Servicio de comedor escolar 2023-24"}]},{"@type":"WebSite","@id":"https:\/\/siurotbk.dev.theroomsocial.com\/#website","url":"https:\/\/siurotbk.dev.theroomsocial.com\/","name":"Colegio Manuel Siurot de M\u00e1laga","description":"Colegio concertado biling\u00fce","potentialAction":[{"@type":"SearchAction","target":{"@type":"EntryPoint","urlTemplate":"https:\/\/siurotbk.dev.theroomsocial.com\/?s={search_term_string}"},"query-input":"required name=search_term_string"}],"inLanguage":"es"}]}},"_links":{"self":[{"href":"http:\/\/siurotbk.dev.theroomsocial.com\/index.php?rest_route=\/wp\/v2\/pages\/174"}],"collection":[{"href":"http:\/\/siurotbk.dev.theroomsocial.com\/index.php?rest_route=\/wp\/v2\/pages"}],"about":[{"href":"http:\/\/siurotbk.dev.theroomsocial.com\/index.php?rest_route=\/wp\/v2\/types\/page"}],"author":[{"embeddable":true,"href":"http:\/\/siurotbk.dev.theroomsocial.com\/index.php?rest_route=\/wp\/v2\/users\/1"}],"replies":[{"embeddable":true,"href":"http:\/\/siurotbk.dev.theroomsocial.com\/index.php?rest_route=%2Fwp%2Fv2%2Fcomments&post=174"}],"version-history":[{"count":13,"href":"http:\/\/siurotbk.dev.theroomsocial.com\/index.php?rest_route=\/wp\/v2\/pages\/174\/revisions"}],"predecessor-version":[{"id":6455,"href":"http:\/\/siurotbk.dev.theroomsocial.com\/index.php?rest_route=\/wp\/v2\/pages\/174\/revisions\/6455"}],"wp:featuredmedia":[{"embeddable":true,"href":"http:\/\/siurotbk.dev.theroomsocial.com\/index.php?rest_route=\/wp\/v2\/media\/16"}],"wp:attachment":[{"href":"http:\/\/siurotbk.dev.theroomsocial.com\/index.php?rest_route=%2Fwp%2Fv2%2Fmedia&parent=174"}],"curies":[{"name":"wp","href":"https:\/\/api.w.org\/{rel}","templated":true}]}}